j be (-6)/(-4)*6/9. Suppose q - j = -6. List the prime factors of (-192)/q - 12/(-20).
3, 13
Let k(w) = w**3 + 9*w**2 + 13*w - 3. Let g be k(-7). Suppose a = 27 + g. What are the prime factors of a?
31
Suppose 3*g + 12 = 0, -5 - 3 = -2*r + 2*g. Let z(b) be the third derivative of b**4/24 + 4*b**3 + 10*b**2 + 7. List the prime factors of z(r).
2, 3
What are the prime factors of 18/18*(-2 + 557)?
3, 5, 37
Suppose 2*h = -3*i - 11, 0*h - 3*h = -3*i - 6. Let v = i - -24. List the prime factors of v.
3, 7
Suppose 0 = 4*u + 3*u + 14. What are the prime factors of ((-2)/(u/3))/(1 - 0)?
3
Let t be (7/(-2))/(1/2). Let i = 10 + t. Suppose 8 + 64 = i*m. List the prime factors of m.
2, 3
Let w be (-27)/(-4) + (-3)/4. Suppose 0 = 3*v + 12, -q + 3*v - 7 = w*v. Suppose 0 = -5*a + u + 43, -q*a - 17 = -3*u - 66. What are the prime factors of a?
2
Suppose 18*y - 4647 = 7161. What are the prime factors of y?
2, 41
Let w = -104 + 100. List the prime factors of ((-6)/w)/((-18)/(-3216)).
2, 67
Let n(f) = -2*f**2 - 9*f - 9. Let j be n(-7). Let q(c) = 65*c + 6. Let d be q(1). Let r = j + d. List the prime factors of r.
3
Let o be ((-39)/9)/(2/(-6)). Let p = 15 - o. Suppose 0 = -2*b + 4*x + 108, x - p = -x. What are the prime factors of b?
2, 7
Suppose r = 116 + 228. What are the prime factors of r?
2, 43
Let j be (109/4)/((22/(-8))/11). Let f = j + 156. List the prime factors of f.
47
Let h be (15/(-6))/((-2)/1972). What are the prime factors of h/34 + (-2)/4?
2, 3
Suppose 15*y - 5325 = 2565. List the prime factors of y.
2, 263
Let a(b) = -b**2 - 6*b - 6. Let w be a(-4). Suppose p + w*p = -3*g + 114, 4*g = 2*p + 128. What are the prime factors of g?
2, 17
What are the prime factors of (-369 - 1 - 0)*273/(-35)?
2, 3, 13, 37
Let l(a) = -2*a**2 + 9*a - 10. Let y be l(5). Let t = 22 + y. What are the prime factors of t?
7
Let i(p) be the third derivative of -p**5/60 + 23*p**4/24 - 19*p**3/6 + 20*p**2. List the prime factors of i(18).
71
Suppose 2*f - 7 = 3. Let w(v) = 2*v**2 - v + 43. Let o be w(0). Suppose -4*u = f*m - 93, -4*u = -4*m - m - o. List the prime factors of u.
17
Suppose 2*z = 5*f + 262 - 1649, -3*f + 829 = 2*z. What are the prime factors of f?
277
Suppose -m + r + 14 = 4, m = 3*r + 20. Suppose 3*i + 164 = 2*p, -m*i - 415 = -10*p + 5*p. List the prime factors of p.
5, 17
Let a(v) = v**3 - 6*v**2 + 4. Let f be a(6). Suppose -f*t - 4*z + 125 = 25, -49 = -2*t - 3*z. Let d = t + -7. List the prime factors of d.
19
Suppose 3*m - v - 1235 = 0, 5*v + 1117 = 2*m + 311. List the prime factors of m.
7, 59
Let u = -2197 - -2347. What are the prime factors of u?
2, 3, 5
Let w = -118 + 475. What are the prime factors of w?
3, 7, 17
Suppose -w + 11 = 4*z - 4*w, 0 = 3*z + 2*w - 4. Suppose -z*a - 13 + 51 = 0. What are the prime factors of a?
19
Let l(u) = -75*u + 39. Let h be l(6). Let i = -268 - h. List the prime factors of i.
11, 13
Suppose -5*r + 0*y = -3*y - 1294, 2*y = -6. List the prime factors of r.
257
Let t = -76 + 136. Let a(b) = b**2 + 5*b + 3. Let u be a(-5). Suppose u*r - r - t = 0. What are the prime factors of r?
2, 3, 5
Suppose -2*m + 7769 = 5*s, -3*s - 2070 = -m + 1787. List the prime factors of m.
2, 11
Let s = 2168 - 344. What are the prime factors of s?
2, 3, 19
Let k(h) = -h + 18. Let v = -84 + 80. What are the prime factors of k(v)?
2, 11
Let m(q) = -3*q - 8. Let i be m(-4). Suppose -5*h = -4*a + 94, h - i*h = -6. What are the prime factors of a?
2, 13
Suppose 0 = -46*d + 44*d + 6596. List the prime factors of d.
2, 17, 97
Suppose m - 8*m + 546 = 0. What are the prime factors of m?
2, 3, 13
Let h be -9 + (-3 - -2) + -3. Let p = h + 9. What are the prime factors of 231/4 - p/16?
2, 29
Let c = -54 - -314. What are the prime factors of c?
2, 5, 13
Let n(z) = -z + 8. Let v be n(7). List the prime factors of 35/1 + v + 0.
2, 3
Suppose 162*z = 150*z + 11208. What are the prime factors of z?
2, 467
Let z(a) = 12*a**2 - 9*a + 25. List the prime factors of z(6).
13, 31
Let w = -23 - -29. Let t(l) = l - 3. Let n be t(w). Suppose -2*r + 69 = 4*k - 7*r, -r = -n*k + 49. What are the prime factors of k?
2
Suppose 2*f = 3*h + 6131, 3*h - 4*h - 12237 = -4*f. List the prime factors of f.
2, 11, 139
Let d = 517 - 311. What are the prime factors of (-6)/18 + d/6?
2, 17
Let o = 1414 + -775. List the prime factors of o.
3, 71
Let s = -3 - -7. Let t be 3 + s + (-2 - 3). Suppose 65 = t*w - w. List the prime factors of w.
5, 13
Suppose 110 = -2*v - 0*v. What are the prime factors of (88/v)/(4/(-150))?
2, 3, 5
Suppose -2*v + 1938 = -722. What are the prime factors of v?
2, 5, 7, 19
Let u(c) = -20*c - 25. Let p(t) = -13*t - 17. Let m(v) = -7*p(v) + 5*u(v). Let l = -25 + 18. List the prime factors of m(l).
3, 19
Let p(k) = -8*k - 28. Let j be p(-16). Let w = j - -32. What are the prime factors of w?
2, 3, 11
Let h = 31 + 150. List the prime factors of h.
181
Suppose 0 = -9*u + 225 + 4356. List the prime factors of u.
509
Let q = 1187 + 72. What are the prime factors of q?
1259
Suppose 991 - 194 = a + 4*n, 0 = -2*a - 2*n + 1570. What are the prime factors of a?
11, 71
What are the prime factors of 6 + (2580 - (3 - -7))?
2, 7, 23
Suppose -5*m - 2*l - l + 1470 = 0, -881 = -3*m - 2*l. Suppose -2*t - 9*t = -m. List the prime factors of t.
3
Suppose -u - 3*s + 394 = 0, -3*s - 643 = -3*u + 563. What are the prime factors of u?
2, 5
Let u be 4 - ((-192)/2 + -4). Let s = -71 + u. List the prime factors of s.
3, 11
Let y = -53 + 47. What are the prime factors of y*(265/(-10) - -2)?
3, 7
Let g be (2 + -4 - -3)*235. Suppose -6*d + 11*d = g. List the prime factors of d.
47
Let f be ((-78)/(-21) - 2)*14. Let l = f + -28. Let s(m) = m**3 + 8*m**2 + 6*m + 3. What are the prime factors of s(l)?
43
Let w = -572 + 1817. What are the prime factors of w?
3, 5, 83
Suppose 5*b = 4*q - 0*q - 30, -q = 2*b - 1. Let d(l) = 11*l + 38. List the prime factors of d(q).
3, 31
Suppose 3649 + 3651 = 5*z - 5*t, 5*z = -2*t + 7335. What are the prime factors of z?
5, 293
Let t = 44 - 52. Let p(d) = -9*d - 10. What are the prime factors of p(t)?
2, 31
Suppose 0*r - 4*r - 42 = 5*h, 0 = r + h + 10. Suppose 0 = -3*c - 3, 0*c - 36 = 2*i - 4*c. What are the prime factors of (-4)/(-5)*i/r?
2
Suppose 0 = -3*o - 4*i + 3, -4*o - i + 25 = 8. Let n = -8 + o. What are the prime factors of (-6 - n)/((-12)/208)?
2, 13
Let f be (-2)/14*2 - (-276)/(-14). What are the prime factors of (-2)/(-10) - (2816/f + -6)?
3, 7
Let o = -10345 - -14858. List the prime factors of o.
4513
Suppose 2*r + i = -138, r - 2*i = -4*r - 363. Let s = -50 - r. What are the prime factors of s?
3, 7
Suppose -8655 = -2*w - 2*w - b, 5*w - 10823 = 3*b. List the prime factors of w.
2, 541
What are the prime factors of 11629/(-87)*(2 - 11)?
3, 401
Let y = 777 + -653. What are the prime factors of y?
2, 31
Suppose 2*m = -4, -2*t + 5*m + 0 = -18. Suppose -t*h = n - 754, 0*n = -5*h + 4*n + 953. List the prime factors of h.
3, 7
Suppose 0 = 6*z + 3*r - 17799, 9*z + 2*r = 6*z + 8899. What are the prime factors of z?
3, 23, 43
Let u be 41/2 + 1/2. Let z be 1169/u + (-2)/(-6). List the prime factors of (80/z)/((-2)/(-70)).
2, 5
Let z = 9 + -1. Suppose z = -2*j + 32. Suppose 132 = j*b - 9*b. List the prime factors of b.
2, 11
Suppose 10*p + 436 + 384 = 0. What are the prime factors of -3 - p*5/10?
2, 19
Let c = -102 + 58. Let m = 78 + c. What are the prime factors of m?
2, 17
Suppose -5*k + 21*k - 29104 = 0. List the prime factors of k.
17, 107
Let g = -201 + -96. Let n = 445 + g. What are the prime factors of n?
2, 37
Suppose -77*r + 174716 = -58825. What are the prime factors of r?
3, 337
Let v = -36 - -89. Suppose a - 3*a + 174 = 0. Let b = a - v. List the prime factors of b.
2, 17
Let d(b) be the third derivative of -b**6/60 + b**5/20 - b**4/24 - 6*b**2. Let z be d(2). What are the prime factors of (-22)/z + 2/6?
2
Let f = -7829 - -12607. List the prime factors of f.
2, 2389
Let d(p) = -2*p + 741. Let t be d(0). Suppose -o + r - t = -6*o, 0 = -5*r - 20. List the prime factors of o.
149
Suppose 29*m = 7*m - 66. List the prime factors of (-1 - m)/((-6)/(-321)).
107
Let p = 12 - 12. Suppose 6 + p = -3*g - 3*t, -4*t = 16. Suppose 0 = -4*a - 18 + g, 5*r - 5*a - 125 = 0. List the prime factors of r.
3, 7
Let g(q) = q**3 - 6*q**2 - 6*q + 5. Suppose 1 = -v - 2*d, -5*d - 